{"id":837,"date":"2026-02-26T09:52:34","date_gmt":"2026-02-26T08:52:34","guid":{"rendered":"https:\/\/pinceauxdecocagne.fr\/?page_id=837"},"modified":"2026-02-27T16:12:42","modified_gmt":"2026-02-27T15:12:42","slug":"festival-2026","status":"publish","type":"page","link":"https:\/\/pinceauxdecocagne.fr\/index.php\/festival-2026\/","title":{"rendered":"Festival 2026"},"content":{"rendered":"\t\t<div data-elementor-type=\"wp-page\" data-elementor-id=\"837\" class=\"elementor elementor-837\">\n\t\t\t\t<div class=\"elementor-element elementor-element-6e7e3bf e-flex e-con-boxed wpr-particle-no wpr-jarallax-no wpr-parallax-no wpr-sticky-section-no e-con e-parent\" data-id=\"6e7e3bf\" data-element_type=\"container\">\n\t\t\t\t\t<div class=\"e-con-inner\">\n\t\t\t\t<div class=\"elementor-element elementor-element-af5eb61 elementor-widget elementor-widget-heading\" data-id=\"af5eb61\" data-element_type=\"widget\" data-widget_type=\"heading.default\">\n\t\t\t\t<div class=\"elementor-widget-container\">\n\t\t\t\t\t<h2 class=\"elementor-heading-title elementor-size-default\">Venez d\u00e9couvrir Lautrec dans les yeux des artistes \n<br>Le 17\u00e8me Festival des peintres dans les rues de Lautrec se d\u00e9roulera les 22 et 23 ao\u00fbt 2026<\/h2>\t\t\t\t<\/div>\n\t\t\t\t<\/div>\n\t\t\t\t\t<\/div>\n\t\t\t\t<\/div>\n\t\t<div class=\"elementor-element elementor-element-8409b29 e-flex e-con-boxed wpr-particle-no wpr-jarallax-no wpr-parallax-no wpr-sticky-section-no e-con e-parent\" data-id=\"8409b29\" data-element_type=\"container\">\n\t\t\t\t\t<div class=\"e-con-inner\">\n\t\t\t\t<div class=\"elementor-element elementor-element-b5aa667 elementor-widget elementor-widget-text-editor\" data-id=\"b5aa667\" data-element_type=\"widget\" data-widget_type=\"text-editor.default\">\n\t\t\t\t<div class=\"elementor-widget-container\">\n\t\t\t\t\t\t\t\t\t<p>Pour cette 17\u00e8me \u00e9dition, nous invitons Fabienne Debiais \u00e0 pr\u00e9senter ses oeuvres. Fabienne a \u00e9t\u00e9 parmi nos coups de coeur de l&#8217;an pass\u00e9 lors du concours 2025. L&#8217;exposition se tiendra \u00e0 la salle de la Mairie pendant toute la dur\u00e9e du Festival les 22 et 23 Ao\u00fbt 2026.<\/p>\t\t\t\t\t\t\t\t<\/div>\n\t\t\t\t<\/div>\n\t\t\t\t\t<\/div>\n\t\t\t\t<\/div>\n\t\t<div class=\"elementor-element elementor-element-4d4cb63 e-grid e-con-boxed wpr-particle-no wpr-jarallax-no wpr-parallax-no wpr-sticky-section-no e-con e-parent\" data-id=\"4d4cb63\" data-element_type=\"container\">\n\t\t\t\t\t<div class=\"e-con-inner\">\n\t\t\t\t<div class=\"elementor-element elementor-element-4f85f6b elementor-widget elementor-widget-image\" data-id=\"4f85f6b\" data-element_type=\"widget\" data-widget_type=\"image.default\">\n\t\t\t\t<div class=\"elementor-widget-container\">\n\t\t\t\t\t\t\t\t\t\t\t\t\t\t\t<img fetchpriority=\"high\" decoding=\"async\" width=\"293\" height=\"300\" src=\"https:\/\/pinceauxdecocagne.fr\/wp-content\/uploads\/2026\/02\/Fabienne-293x300.jpg\" class=\"attachment-medium size-medium wp-image-845\" alt=\"\" srcset=\"https:\/\/pinceauxdecocagne.fr\/wp-content\/uploads\/2026\/02\/Fabienne-293x300.jpg 293w, https:\/\/pinceauxdecocagne.fr\/wp-content\/uploads\/2026\/02\/Fabienne-998x1024.jpg 998w, https:\/\/pinceauxdecocagne.fr\/wp-content\/uploads\/2026\/02\/Fabienne-768x788.jpg 768w, https:\/\/pinceauxdecocagne.fr\/wp-content\/uploads\/2026\/02\/Fabienne.jpg 1172w\" sizes=\"(max-width: 293px) 100vw, 293px\" \/>\t\t\t\t\t\t\t\t\t\t\t\t\t\t\t<\/div>\n\t\t\t\t<\/div>\n\t\t\t\t<div class=\"elementor-element elementor-element-32870f7 elementor-widget elementor-widget-image\" data-id=\"32870f7\" data-element_type=\"widget\" data-widget_type=\"image.default\">\n\t\t\t\t<div class=\"elementor-widget-container\">\n\t\t\t\t\t\t\t\t\t\t\t\t\t\t\t<img decoding=\"async\" width=\"300\" height=\"254\" src=\"https:\/\/pinceauxdecocagne.fr\/wp-content\/uploads\/2026\/02\/Presentation-Fabienne-300x254.jpg\" class=\"attachment-medium size-medium wp-image-858\" alt=\"\" srcset=\"https:\/\/pinceauxdecocagne.fr\/wp-content\/uploads\/2026\/02\/Presentation-Fabienne-300x254.jpg 300w, https:\/\/pinceauxdecocagne.fr\/wp-content\/uploads\/2026\/02\/Presentation-Fabienne-1024x867.jpg 1024w, https:\/\/pinceauxdecocagne.fr\/wp-content\/uploads\/2026\/02\/Presentation-Fabienne-768x650.jpg 768w, https:\/\/pinceauxdecocagne.fr\/wp-content\/uploads\/2026\/02\/Presentation-Fabienne-1536x1301.jpg 1536w, https:\/\/pinceauxdecocagne.fr\/wp-content\/uploads\/2026\/02\/Presentation-Fabienne.jpg 1926w\" sizes=\"(max-width: 300px) 100vw, 300px\" \/>\t\t\t\t\t\t\t\t\t\t\t\t\t\t\t<\/div>\n\t\t\t\t<\/div>\n\t\t\t\t\t<\/div>\n\t\t\t\t<\/div>\n\t\t<div class=\"elementor-element elementor-element-c6987c0 e-flex e-con-boxed wpr-particle-no wpr-jarallax-no wpr-parallax-no wpr-sticky-section-no e-con e-parent\" data-id=\"c6987c0\" data-element_type=\"container\">\n\t\t\t\t\t<div class=\"e-con-inner\">\n\t\t\t\t<div class=\"elementor-element elementor-element-cfed7e1 elementor-arrows-position-inside elementor-pagination-position-outside elementor-widget elementor-widget-image-carousel\" data-id=\"cfed7e1\" data-element_type=\"widget\" data-settings=\"{&quot;navigation&quot;:&quot;both&quot;,&quot;autoplay&quot;:&quot;yes&quot;,&quot;pause_on_hover&quot;:&quot;yes&quot;,&quot;pause_on_interaction&quot;:&quot;yes&quot;,&quot;autoplay_speed&quot;:5000,&quot;infinite&quot;:&quot;yes&quot;,&quot;speed&quot;:500}\" data-widget_type=\"image-carousel.default\">\n\t\t\t\t<div class=\"elementor-widget-container\">\n\t\t\t\t\t\t\t<div class=\"elementor-image-carousel-wrapper swiper\" role=\"region\" aria-roledescription=\"carousel\" aria-label=\"Carrousel d\u2019images\" dir=\"ltr\">\n\t\t\t<div class=\"elementor-image-carousel swiper-wrapper\" aria-live=\"off\">\n\t\t\t\t\t\t\t\t<div class=\"swiper-slide\" role=\"group\" aria-roledescription=\"slide\" aria-label=\"1 of 13\"><figure class=\"swiper-slide-inner\"><img decoding=\"async\" class=\"swiper-slide-image\" src=\"https:\/\/pinceauxdecocagne.fr\/wp-content\/uploads\/2026\/02\/Fabienne-tableau-remise-prix-150x150.jpg\" alt=\"Fabienne tableau remise prix\" \/><\/figure><\/div><div class=\"swiper-slide\" role=\"group\" aria-roledescription=\"slide\" aria-label=\"2 of 13\"><figure class=\"swiper-slide-inner\"><img decoding=\"async\" class=\"swiper-slide-image\" src=\"https:\/\/pinceauxdecocagne.fr\/wp-content\/uploads\/2026\/02\/PHOTO-2025-08-25-15-17-28_5-150x150.jpg\" alt=\"PHOTO-2025-08-25-15-17-28_5\" \/><\/figure><\/div><div class=\"swiper-slide\" role=\"group\" aria-roledescription=\"slide\" aria-label=\"3 of 13\"><figure class=\"swiper-slide-inner\"><img decoding=\"async\" class=\"swiper-slide-image\" src=\"https:\/\/pinceauxdecocagne.fr\/wp-content\/uploads\/2026\/02\/Tableau-Fabienne-2024-150x150.jpg\" alt=\"Tableau Fabienne 2024\" \/><\/figure><\/div><div class=\"swiper-slide\" role=\"group\" aria-roledescription=\"slide\" aria-label=\"4 of 13\"><figure class=\"swiper-slide-inner\"><img decoding=\"async\" class=\"swiper-slide-image\" src=\"https:\/\/pinceauxdecocagne.fr\/wp-content\/uploads\/2026\/02\/image0000011-150x150.jpg\" alt=\"image0000011\" \/><\/figure><\/div><div class=\"swiper-slide\" role=\"group\" aria-roledescription=\"slide\" aria-label=\"5 of 13\"><figure class=\"swiper-slide-inner\"><img decoding=\"async\" class=\"swiper-slide-image\" src=\"https:\/\/pinceauxdecocagne.fr\/wp-content\/uploads\/2026\/02\/image0000021-150x150.jpg\" alt=\"image0000021\" \/><\/figure><\/div><div class=\"swiper-slide\" role=\"group\" aria-roledescription=\"slide\" aria-label=\"6 of 13\"><figure class=\"swiper-slide-inner\"><img decoding=\"async\" class=\"swiper-slide-image\" src=\"https:\/\/pinceauxdecocagne.fr\/wp-content\/uploads\/2026\/02\/image0000031-150x150.jpg\" alt=\"image0000031\" \/><\/figure><\/div><div class=\"swiper-slide\" role=\"group\" aria-roledescription=\"slide\" aria-label=\"7 of 13\"><figure class=\"swiper-slide-inner\"><img decoding=\"async\" class=\"swiper-slide-image\" src=\"https:\/\/pinceauxdecocagne.fr\/wp-content\/uploads\/2026\/02\/image0000041-150x150.jpg\" alt=\"image0000041\" \/><\/figure><\/div><div class=\"swiper-slide\" role=\"group\" aria-roledescription=\"slide\" aria-label=\"8 of 13\"><figure class=\"swiper-slide-inner\"><img decoding=\"async\" class=\"swiper-slide-image\" src=\"https:\/\/pinceauxdecocagne.fr\/wp-content\/uploads\/2026\/02\/image0000051-150x150.jpg\" alt=\"image0000051\" \/><\/figure><\/div><div class=\"swiper-slide\" role=\"group\" aria-roledescription=\"slide\" aria-label=\"9 of 13\"><figure class=\"swiper-slide-inner\"><img decoding=\"async\" class=\"swiper-slide-image\" src=\"https:\/\/pinceauxdecocagne.fr\/wp-content\/uploads\/2026\/02\/image0000061-150x150.jpg\" alt=\"image0000061\" \/><\/figure><\/div><div class=\"swiper-slide\" role=\"group\" aria-roledescription=\"slide\" aria-label=\"10 of 13\"><figure class=\"swiper-slide-inner\"><img decoding=\"async\" class=\"swiper-slide-image\" src=\"https:\/\/pinceauxdecocagne.fr\/wp-content\/uploads\/2026\/02\/image0000071-150x150.jpg\" alt=\"image0000071\" \/><\/figure><\/div><div class=\"swiper-slide\" role=\"group\" aria-roledescription=\"slide\" aria-label=\"11 of 13\"><figure class=\"swiper-slide-inner\"><img decoding=\"async\" class=\"swiper-slide-image\" src=\"https:\/\/pinceauxdecocagne.fr\/wp-content\/uploads\/2026\/02\/image0000081-150x150.jpg\" alt=\"image0000081\" \/><\/figure><\/div><div class=\"swiper-slide\" role=\"group\" aria-roledescription=\"slide\" aria-label=\"12 of 13\"><figure class=\"swiper-slide-inner\"><img decoding=\"async\" class=\"swiper-slide-image\" src=\"https:\/\/pinceauxdecocagne.fr\/wp-content\/uploads\/2026\/02\/image0000091-150x150.jpg\" alt=\"image0000091\" \/><\/figure><\/div><div class=\"swiper-slide\" role=\"group\" aria-roledescription=\"slide\" aria-label=\"13 of 13\"><figure class=\"swiper-slide-inner\"><img decoding=\"async\" class=\"swiper-slide-image\" src=\"https:\/\/pinceauxdecocagne.fr\/wp-content\/uploads\/2026\/02\/image0000011-1-150x150.jpg\" alt=\"image0000011\" \/><\/figure><\/div>\t\t\t<\/div>\n\t\t\t\t\t\t\t\t\t\t\t\t<div class=\"elementor-swiper-button elementor-swiper-button-prev\" role=\"button\" tabindex=\"0\">\n\t\t\t\t\t\t<svg aria-hidden=\"true\" class=\"e-font-icon-svg e-eicon-chevron-left\" viewBox=\"0 0 1000 1000\" xmlns=\"http:\/\/www.w3.org\/2000\/svg\"><path d=\"M646 125C629 125 613 133 604 142L308 442C296 454 292 471 292 487 292 504 296 521 308 533L604 854C617 867 629 875 646 875 663 875 679 871 692 858 704 846 713 829 713 812 713 796 708 779 692 767L438 487 692 225C700 217 708 204 708 187 708 171 704 154 692 142 675 129 663 125 646 125Z\"><\/path><\/svg>\t\t\t\t\t<\/div>\n\t\t\t\t\t<div class=\"elementor-swiper-button elementor-swiper-button-next\" role=\"button\" tabindex=\"0\">\n\t\t\t\t\t\t<svg aria-hidden=\"true\" class=\"e-font-icon-svg e-eicon-chevron-right\" viewBox=\"0 0 1000 1000\" xmlns=\"http:\/\/www.w3.org\/2000\/svg\"><path d=\"M696 533C708 521 713 504 713 487 713 471 708 454 696 446L400 146C388 133 375 125 354 125 338 125 325 129 313 142 300 154 292 171 292 187 292 204 296 221 308 233L563 492 304 771C292 783 288 800 288 817 288 833 296 850 308 863 321 871 338 875 354 875 371 875 388 867 400 854L696 533Z\"><\/path><\/svg>\t\t\t\t\t<\/div>\n\t\t\t\t\n\t\t\t\t\t\t\t\t\t<div class=\"swiper-pagination\"><\/div>\n\t\t\t\t\t\t\t\t\t<\/div>\n\t\t\t\t\t\t<\/div>\n\t\t\t\t<\/div>\n\t\t\t\t\t<\/div>\n\t\t\t\t<\/div>\n\t\t\t\t<\/div>\n\t\t","protected":false},"excerpt":{"rendered":"<p>Venez d\u00e9couvrir Lautrec dans les yeux des artistes Le 17\u00e8me Festival des peintres dans les rues de Lautrec se d\u00e9roulera les 22 et 23 ao\u00fbt 2026 Pour cette 17\u00e8me \u00e9dition, nous invitons Fabienne Debiais \u00e0 pr\u00e9senter ses oeuvres. Fabienne a \u00e9t\u00e9 parmi nos coups de coeur de l&#8217;an pass\u00e9 lors du concours 2025. L&#8217;exposition se tiendra \u00e0 la salle de la Mairie pendant toute la dur\u00e9e du Festival les 22 et 23 Ao\u00fbt 2026.<\/p>\n","protected":false},"author":1,"featured_media":0,"parent":0,"menu_order":0,"comment_status":"closed","ping_status":"closed","template":"","meta":{"footnotes":""},"class_list":["post-837","page","type-page","status-publish","hentry"],"yoast_head":"<!-- This site is optimized with the Yoast SEO plugin v25.2 - https:\/\/yoast.com\/wordpress\/plugins\/seo\/ -->\n<title>Festival 2026 - Pinceaux de Cocagne<\/title>\n<meta name=\"robots\" content=\"index, follow, max-snippet:-1, max-image-preview:large, max-video-preview:-1\" \/>\n<link rel=\"canonical\" href=\"https:\/\/pinceauxdecocagne.fr\/index.php\/festival-2026\/\" \/>\n<meta property=\"og:locale\" content=\"en_US\" \/>\n<meta property=\"og:type\" content=\"article\" \/>\n<meta property=\"og:title\" content=\"Festival 2026 - Pinceaux de Cocagne\" \/>\n<meta property=\"og:description\" content=\"Venez d\u00e9couvrir Lautrec dans les yeux des artistes Le 17\u00e8me Festival des peintres dans les rues de Lautrec se d\u00e9roulera les 22 et 23 ao\u00fbt 2026 Pour cette 17\u00e8me \u00e9dition, nous invitons Fabienne Debiais \u00e0 pr\u00e9senter ses oeuvres. Fabienne a \u00e9t\u00e9 parmi nos coups de coeur de l&#8217;an pass\u00e9 lors du concours 2025. L&#8217;exposition se tiendra \u00e0 la salle de la Mairie pendant toute la dur\u00e9e du Festival les 22 et 23 Ao\u00fbt 2026.\" \/>\n<meta property=\"og:url\" content=\"https:\/\/pinceauxdecocagne.fr\/index.php\/festival-2026\/\" \/>\n<meta property=\"og:site_name\" content=\"Pinceaux de Cocagne\" \/>\n<meta property=\"article:modified_time\" content=\"2026-02-27T15:12:42+00:00\" \/>\n<meta property=\"og:image\" content=\"http:\/\/pinceauxdecocagne.fr\/wp-content\/uploads\/2026\/02\/Fabienne-293x300.jpg\" \/>\n<meta name=\"twitter:card\" content=\"summary_large_image\" \/>\n<meta name=\"twitter:label1\" content=\"Est. reading time\" \/>\n\t<meta name=\"twitter:data1\" content=\"5 minutes\" \/>\n<script type=\"application\/ld+json\" class=\"yoast-schema-graph\">{\"@context\":\"https:\/\/schema.org\",\"@graph\":[{\"@type\":\"WebPage\",\"@id\":\"https:\/\/pinceauxdecocagne.fr\/index.php\/festival-2026\/\",\"url\":\"https:\/\/pinceauxdecocagne.fr\/index.php\/festival-2026\/\",\"name\":\"Festival 2026 - Pinceaux de Cocagne\",\"isPartOf\":{\"@id\":\"https:\/\/pinceauxdecocagne.fr\/#website\"},\"primaryImageOfPage\":{\"@id\":\"https:\/\/pinceauxdecocagne.fr\/index.php\/festival-2026\/#primaryimage\"},\"image\":{\"@id\":\"https:\/\/pinceauxdecocagne.fr\/index.php\/festival-2026\/#primaryimage\"},\"thumbnailUrl\":\"http:\/\/pinceauxdecocagne.fr\/wp-content\/uploads\/2026\/02\/Fabienne-293x300.jpg\",\"datePublished\":\"2026-02-26T08:52:34+00:00\",\"dateModified\":\"2026-02-27T15:12:42+00:00\",\"breadcrumb\":{\"@id\":\"https:\/\/pinceauxdecocagne.fr\/index.php\/festival-2026\/#breadcrumb\"},\"inLanguage\":\"en-US\",\"potentialAction\":[{\"@type\":\"ReadAction\",\"target\":[\"https:\/\/pinceauxdecocagne.fr\/index.php\/festival-2026\/\"]}]},{\"@type\":\"ImageObject\",\"inLanguage\":\"en-US\",\"@id\":\"https:\/\/pinceauxdecocagne.fr\/index.php\/festival-2026\/#primaryimage\",\"url\":\"https:\/\/pinceauxdecocagne.fr\/wp-content\/uploads\/2026\/02\/Fabienne.jpg\",\"contentUrl\":\"https:\/\/pinceauxdecocagne.fr\/wp-content\/uploads\/2026\/02\/Fabienne.jpg\",\"width\":1172,\"height\":1202},{\"@type\":\"BreadcrumbList\",\"@id\":\"https:\/\/pinceauxdecocagne.fr\/index.php\/festival-2026\/#breadcrumb\",\"itemListElement\":[{\"@type\":\"ListItem\",\"position\":1,\"name\":\"Accueil\",\"item\":\"https:\/\/pinceauxdecocagne.fr\/\"},{\"@type\":\"ListItem\",\"position\":2,\"name\":\"Festival 2026\"}]},{\"@type\":\"WebSite\",\"@id\":\"https:\/\/pinceauxdecocagne.fr\/#website\",\"url\":\"https:\/\/pinceauxdecocagne.fr\/\",\"name\":\"Pinceaux de Cocagne\",\"description\":\"Festival des peintres dans les rues de Lautrec\",\"potentialAction\":[{\"@type\":\"SearchAction\",\"target\":{\"@type\":\"EntryPoint\",\"urlTemplate\":\"https:\/\/pinceauxdecocagne.fr\/?s={search_term_string}\"},\"query-input\":{\"@type\":\"PropertyValueSpecification\",\"valueRequired\":true,\"valueName\":\"search_term_string\"}}],\"inLanguage\":\"en-US\"}]}<\/script>\n<!-- \/ Yoast SEO plugin. -->","yoast_head_json":{"title":"Festival 2026 - Pinceaux de Cocagne","robots":{"index":"index","follow":"follow","max-snippet":"max-snippet:-1","max-image-preview":"max-image-preview:large","max-video-preview":"max-video-preview:-1"},"canonical":"https:\/\/pinceauxdecocagne.fr\/index.php\/festival-2026\/","og_locale":"en_US","og_type":"article","og_title":"Festival 2026 - Pinceaux de Cocagne","og_description":"Venez d\u00e9couvrir Lautrec dans les yeux des artistes Le 17\u00e8me Festival des peintres dans les rues de Lautrec se d\u00e9roulera les 22 et 23 ao\u00fbt 2026 Pour cette 17\u00e8me \u00e9dition, nous invitons Fabienne Debiais \u00e0 pr\u00e9senter ses oeuvres. Fabienne a \u00e9t\u00e9 parmi nos coups de coeur de l&#8217;an pass\u00e9 lors du concours 2025. L&#8217;exposition se tiendra \u00e0 la salle de la Mairie pendant toute la dur\u00e9e du Festival les 22 et 23 Ao\u00fbt 2026.","og_url":"https:\/\/pinceauxdecocagne.fr\/index.php\/festival-2026\/","og_site_name":"Pinceaux de Cocagne","article_modified_time":"2026-02-27T15:12:42+00:00","og_image":[{"url":"http:\/\/pinceauxdecocagne.fr\/wp-content\/uploads\/2026\/02\/Fabienne-293x300.jpg","type":"","width":"","height":""}],"twitter_card":"summary_large_image","twitter_misc":{"Est. reading time":"5 minutes"},"schema":{"@context":"https:\/\/schema.org","@graph":[{"@type":"WebPage","@id":"https:\/\/pinceauxdecocagne.fr\/index.php\/festival-2026\/","url":"https:\/\/pinceauxdecocagne.fr\/index.php\/festival-2026\/","name":"Festival 2026 - Pinceaux de Cocagne","isPartOf":{"@id":"https:\/\/pinceauxdecocagne.fr\/#website"},"primaryImageOfPage":{"@id":"https:\/\/pinceauxdecocagne.fr\/index.php\/festival-2026\/#primaryimage"},"image":{"@id":"https:\/\/pinceauxdecocagne.fr\/index.php\/festival-2026\/#primaryimage"},"thumbnailUrl":"http:\/\/pinceauxdecocagne.fr\/wp-content\/uploads\/2026\/02\/Fabienne-293x300.jpg","datePublished":"2026-02-26T08:52:34+00:00","dateModified":"2026-02-27T15:12:42+00:00","breadcrumb":{"@id":"https:\/\/pinceauxdecocagne.fr\/index.php\/festival-2026\/#breadcrumb"},"inLanguage":"en-US","potentialAction":[{"@type":"ReadAction","target":["https:\/\/pinceauxdecocagne.fr\/index.php\/festival-2026\/"]}]},{"@type":"ImageObject","inLanguage":"en-US","@id":"https:\/\/pinceauxdecocagne.fr\/index.php\/festival-2026\/#primaryimage","url":"https:\/\/pinceauxdecocagne.fr\/wp-content\/uploads\/2026\/02\/Fabienne.jpg","contentUrl":"https:\/\/pinceauxdecocagne.fr\/wp-content\/uploads\/2026\/02\/Fabienne.jpg","width":1172,"height":1202},{"@type":"BreadcrumbList","@id":"https:\/\/pinceauxdecocagne.fr\/index.php\/festival-2026\/#breadcrumb","itemListElement":[{"@type":"ListItem","position":1,"name":"Accueil","item":"https:\/\/pinceauxdecocagne.fr\/"},{"@type":"ListItem","position":2,"name":"Festival 2026"}]},{"@type":"WebSite","@id":"https:\/\/pinceauxdecocagne.fr\/#website","url":"https:\/\/pinceauxdecocagne.fr\/","name":"Pinceaux de Cocagne","description":"Festival des peintres dans les rues de Lautrec","potentialAction":[{"@type":"SearchAction","target":{"@type":"EntryPoint","urlTemplate":"https:\/\/pinceauxdecocagne.fr\/?s={search_term_string}"},"query-input":{"@type":"PropertyValueSpecification","valueRequired":true,"valueName":"search_term_string"}}],"inLanguage":"en-US"}]}},"_links":{"self":[{"href":"https:\/\/pinceauxdecocagne.fr\/index.php\/wp-json\/wp\/v2\/pages\/837","targetHints":{"allow":["GET"]}}],"collection":[{"href":"https:\/\/pinceauxdecocagne.fr\/index.php\/wp-json\/wp\/v2\/pages"}],"about":[{"href":"https:\/\/pinceauxdecocagne.fr\/index.php\/wp-json\/wp\/v2\/types\/page"}],"author":[{"embeddable":true,"href":"https:\/\/pinceauxdecocagne.fr\/index.php\/wp-json\/wp\/v2\/users\/1"}],"replies":[{"embeddable":true,"href":"https:\/\/pinceauxdecocagne.fr\/index.php\/wp-json\/wp\/v2\/comments?post=837"}],"version-history":[{"count":31,"href":"https:\/\/pinceauxdecocagne.fr\/index.php\/wp-json\/wp\/v2\/pages\/837\/revisions"}],"predecessor-version":[{"id":889,"href":"https:\/\/pinceauxdecocagne.fr\/index.php\/wp-json\/wp\/v2\/pages\/837\/revisions\/889"}],"wp:attachment":[{"href":"https:\/\/pinceauxdecocagne.fr\/index.php\/wp-json\/wp\/v2\/media?parent=837"}],"curies":[{"name":"wp","href":"https:\/\/api.w.org\/{rel}","templated":true}]}}